 + (4 - -2) + -7?
-1
(-5 + 6 - 4) + 0 + 1
-2
0 + 4 + -5 + -6 + 6
-1
What is the value of 3 + -5 + (-2 - -1) + 1?
-2
What is 3 + (4 + -9 + 1 - 1)?
-2
Evaluate -5 + 8 - (27 + -17).
-7
4 + 1 - (25 - 27)
7
What is -2 - 6 - (-7 - -3)?
-4
Evaluate -1 + (-21 - -32 - (2 + 1)).
7
Calculate (7 - -1) + -5 + -1 + 0.
2
(1 - (5 - 3)) + -1 - -5
3
5 + -7 + (4 - 6)
-4
What is (-5 - 0) + 9 + -6?
-2
Evaluate 6 + -2 - (2 + (-5 - -2)).
5
Evaluate -8 + (5 - (-1 - -4)).
-6
What is the value of -3 - (1 + 2 + -4)?
-2
-2 - (3 - -2 - 7 - -4)
-4
Calculate (-23 - -4) + (13 - 1).
-7
-3 + (-1 + -4 - -3)
-5
Evaluate (9 - (-3 + 7)) + -5.
0
What is the value of -8 + 14 - (-1 - -2)?
5
What is (-3 - -2) + -14 + -9 + 14?
-10
What is 3 + -5 - (0 + 2 + -8)?
4
What is the value of (0 - 2) + (-2 - (-5 + 2))?
-1
What is -5 - (2 + (-2 - 0)) - 0?
-5
What is the value of 12 - 13 - (1 + 2) - -5?
1
Evaluate 23 + -15 + -7 + -6.
-5
What is -8 + -5 + 6 + -8 + 15?
0
What is -3 - (-8 - (-3 + 2)) - 4?
0
Evaluate 1 - 0 - (0 + (-6 - -11)).
-4
(1 + -5 - (3 + 3)) + 7
-3
What is the value of (-27 - -37) + (-9 - -2)?
3
-1 + (-4 - (-4 + (6 - 2)))
-5
What is the value of 4 + 10 + (10 - (25 - 8))?
7
What is 2 - (9 - (-5 - -6))?
-6
Evaluate (-6 - -11) + -5 + (0 - 0).
0
What is the value of 6 + (-13 - -7) - 3?
-3
-5 - -5 - ((6 - -1) + -3)
-4
Calculate -5 + (8 - (-7 + 11 + 1)).
-2
Evaluate 10 - 9 - (-1 - -2).
0
What is 6 + (-5 - 5 - -2)?
-2
What is the value of -3 - ((-1 - 3) + 3 - 3)?
1
What is the value of (11 - (-6 + 12)) + (1 - 9)?
-3
Evaluate 21 + -10 + (-3 - 2).
6
Evaluate -3 + 0 - (-22 - -12).
7
0 - -3 - ((-3 - 1) + 2)
5
Evaluate -11 + 10 + -2 + (-3 - -2).
-4
What is the value of -6 - (-3 - 1) - 3?
-5
What is 2 + -7 + (-15 - -29)?
9
Calculate 3 + -1 + (-2 - -2) + -3.
-1
What is the value of 4 + ((-1 - 0) + 3 - 2)?
4
What is 2 + -3 + (-4 - (-3 - -1))?
-3
What is the value of 2 - (3 - (8 - 2 - 4))?
1
What is -6 + -7 + (-8 - -19)?
-2
6 - -2 - (28 - 29)
9
Calculate -6 - (7 + -10 + 4).
-7
Evaluate (-31 - -29) + (0 + -2 - 0).
-4
Evaluate (3 - 11 - 7) + 8.
-7
Calculate 13 + -7 - (2 - 1).
5
What is the value of -7 - -9 - (1 + 1)?
0
Evaluate 2 + -7 - 6 - -7.
-4
What is -10 + 7 + 0 + 7?
4
Evaluate -1 + 4 + (0 - -2).
5
Evaluate -6 - (-12 - (8 + -15)).
-1
What is (-1 - (1 - 2)) + (-313 - -306)?
-7
0 - 0 - ((8 - 3) + -9)
4
Evaluate 1 + (-8 - (-4 - 0)) + -2.
-5
What is the value of (5 - -4) + 1 - 6 - 8?
-4
(3 - 2 - -2) + -4 + -2
-3
What is the value of -1 - (2 + -3 + 0)?
0
Calculate -1 + 2 + 0 - 9 - -3.
-5
(4 - (14 - 12)) + 1 + 0
3
What is -6 + 9 + (-4 - -5)?
4
Evaluate (2 - -1) + (-5 - 2).
-4
Calculate (1 + 0 - -2) + (-5 - -5).
3
Evaluate (13 + -2 - 19) + 5.
-3
Calculate 1 + -5 + 30 + -25.
1
Evaluate 8 - (6 + 8 - 0).
-6
Calculate -1 + (2 - (4 - 2)).
-1
Evaluate (6 - (25 - 9)) + 3.
-7
What is the value of 7 + 0 - (-3 - (-3 + -2))?
5
Evaluate (5 - -7) + -11 + 3.
4
What is the value of 0 + -1 + 3 + 1?
3
What is the value of 0 + 3 + (9 - 8 - 8)?
-4
-1 - -1 - (11 - 2 - 2)
-7
(-5 - ((-3 - -5) + -4)) + -1
-4
Calculate -7 - -2 - -1 - -9.
5
-3 - (4 + -10 - -1)
2
Calculate (-4 - (10 + -20)) + (-2 - 1).
3
Calculate 30 - -10 - 30 - (1 - -4).
5
Evaluate 7 - (7 + (0 - 2)).
2
What is the value of -2 + 2 + (0 - 6)?
-6
What is the value of 4 + -3 + 1 + 4?
6
0 + (4 - 6) + 1 + 1
0
What is the value of 4 - (0 - (1 + -4 + 0))?
1
Evaluate 38 - 35 - (1 + (0 - 0)).
2
Calculate 60 + -58 - (-2 + 1 + 6).
-3
What is 2 - (8 - 7) - (-5 + 1)?
5
What is the value of -2 + (3 - -2) + (-9 - -8)?
2
What is the value of -2 + -3 - (7 - 6)?
-6
Calculate 6 - (9 + 0 - (4 + 0)).
1
What is -4 - (4 - ((-1 - -3) + 3))?
-3
Calculate 6 - -1 - (0 + 6).
1
Calculate (1 - -4) + (5 - (9 + -8)).
9
Calculate 2 - (2 + 0 - (-1 - -1)).
0
What is (-5 - (2 + 5)) + 6?
-6
What is the value of 1 - ((-3 - -1) + 53 + -50)?
0
Calculate -7 - (-1 + -1 - (-8 - -8)).
-5
What is 2 + (-2 - -1) + -3?
-2
Calculate -5 - 8 - (0 + -21).
8
What is the value of -4 + 8 + (-5 - 2)?
-3
Calculate 6 + (-8 - 0) + 2.
0
Calculate 0 + (2 + -2 - 1).
-1
What is (-4 - -3) + (1 - 5)?
-5
What is the value of -1 + 2 + (5 - 2)?
4
-2 - (-4 - (-5 - -1))
-2
Calculate -5 - (-6 - -2 - 2).
1
Evaluate -15 + 13 - (-4 + (0 - 0)).
2
Evaluate -10 + 4 - (4 - 6).
-4
3 - 6 - (1 + -4)
0
Calculate 0 + -1 + 0 - (2 + 0).
-3
What is the value of -7 - (-12 - -5 - 8 - -4)?
4
Calculate 1 + 4 + -1 + (3 - 10).
-3
What is -16 - (-5 + -6 + 3)?
-8
(3 - (3 - (-3 + 3))) + 1
1
What is -5 + 9 + -1 + -3?
0
What is -20 + 19 - (-3 + 0) - -1?
3
Evaluate 1 + (9 + -10 - (1 + 4)).
-5
7 + (2 - 1) + -16 + 14
6
-5 + 9 - (-9 - -13)
0
What is the value of (2 - (-3 + 2)) + (6 - 13)?
-4
What is the value of 2 + (-2 - -2) + (-19 - -20)?
3
Evaluate -1 - 3 - (-12 - -16).
-8
(9 - 7) + (-4 - -4)
2
(-120 - -117) + 0 + (0 - -1)
-2
What is the value of -1 + 4 + (-7 - 2)?
-6
What is the value of 3 + -4 - (-3 - (2 + -1))?
3
1 + (-3 - -2) + 1 + -2
-1
What is -2 + (-3 - -2) + 1?
-2
Calculate (2 - -4) + (37 - 44).
-1
Evaluate (7 - -2) + -5 + (-7 - 1).
-4
Evaluate -7 + (-6 - -8) + 4.
-1
What is the value of -10 + 19 + -23 - -6?
-8
What is the value of 1 + -3 + -3 + 2?
-3
0 - (3 - 1 - -8)
-10
Calculate -1 + 4 - 4 - (-5 + 4).
0
Calculate 4 + 2 + -3 + -12 - -4.
-5
Evaluate 3 - (-4 + -4) - 5.
6
Evaluate -5 + (-4 - -11 - -2).
4
What is 0 + -4 + 26 + -23?
-1
What is the value of -123 + 119 + -1 + 0 + 0?
-5
What is the value of (6 - (10 - 2)) + 3?
1
0 + 1 - (-2 - (-1 + 4))
6
Evaluate 8 + (-8 - -12) + -14.
-2
Calculate -8 + -4 + 6 + 4 + -3.
-5
What is -3 + (5 - -3) - 9?
-4
-1 + (-4 - -4) + -12 + 6
-7
Evaluate 45 + -44 - (1 - -2).
-2
-4 + -9 + 19 + -7
-1
What is -3 - (0 - -3 - (23 + -21))?
-4
What is -2 + (-6 - -7) - -4?
3
What is -5 + 0 + -4 + 4?
-5
Evaluate -1 + -7 + 8 - 0.
0
5 - (-6 - (-4 - 5))
2
-1 - 1 - 11 - -7
-6
Calculate -7 - (12 + -14 + -8).
3
Calculate -8 + 6 - (2 + -3) - 3.
-4
What is 8 + (-14 - -8 - 3) - 7?
-8
What is (4 - (3 + 3)) + -1?
-3
Calculate 2 + -4 + 2 + -1.
-1
What is -3 - (5 + (4 - 8))?
-4
Calculate (3 - -4) + (-16 - -10).
1
6 - (-9 - (4 - 14))
5
Calculate -1 + 1 + 0 + 50 + -49.
1
-5 - (-7 + (-6 - -12))
-4
-3 + 1 - (1 + 5 + -3)
-5
Calculate 10 - (11 + -6 + 2).
3
Evaluate (-5 - -10) + -7 + 7.
5
Evaluate 2 + 1 + (4 - (0 - -2)).
5
What is -1 + 1 + 4 + -11 - -2?
-5
What is the value of 1 - 15 - (-8 + -7 + 8)?
-7
Calculate 0 - -2 - (-1 + 2 + 2).
-1
Calculate -4 + 4 + (0 - -2).
2
What is (3 + 0 - 2) + (-1 - -3)?
3
What is the value of 2 + 3 + -11 - (7 - 10)?
-3
Evaluate -21 + 19 + 3 + 0.
1
What is the value of 0 + (-2 - -1) + 0 + 2?
1
What is the value of 0 + 4 - (-4 + 5)?
3
Calculate 0 + 0 + 0 - (-9 - -13).
-4
What is (-4 - -6) + 4 + 0 + -2?
4
Evaluate -13 - -2 - (28 + -31).
-8
What is the value of 0 + -1 + -6 + (-2 - -4)?
-5
Evaluate 2 - (-4 - (-3 - (-1 - -1))).
3
2 + 9 + 4 + -3 + -6
6
Evaluate 3 + 10 + -2 + -2.
9
Evaluate 0 + (9 - (-4 + 10)).
3
What is (-2 - (-2 + 5)) + 4?
-1
1 + 2 + 4 - 4
3
5 + 1 + -1 + 3 + -5
3
Evaluate 5 - (5 - (-2 - -6)).
4
Evaluate -4 + -4 + (-5 - -10).
-3
What is -1 - ((-1 - 2) + -5 + 2)?
5
1 - (1 - 2) - (-43 - -46)
-1
Calculate -10 + -3 + (4 + -1 - -3).
-7
Calculate -2 - (1 + (-4 - -6)).
-5
47 + -51 + (9 - 0)
5
(3 - (4 + -2 + -7)) + -1
7
Calculate 0 + (4 - (8 - 0)).
-4
Evaluate 13 + (3 - 14 - -3).
5
Evaluate 5 + -14 + 8 - (-4 + 1).
2
-42 + 30 + 19 - (1 - -6)
0
Evaluate 8 + (-3 - 0) + -2 - -1.
4
What is 5 + -4 + 0 + 4 + -5?
0
Evaluate -1 - -1 - ((-3 - 4) + 2).
5
Evaluate (2 - (9 + 0)) + 139 + -138.
-6
Evaluate (0 - (-4 + 1)) + (-4 - 2).
-3
2 - ((1 - -3) + -6)
4
What is the value of (15 - 20) + 10 + -2?
3
What is -6 - ((-5 - -3) + (0 - 1))?
-3
What is 10 - (13 - (-5 - -9))?
1
What is 1 - (-1 + 3) - -5?
4
Evaluate 6 + 4 + -7 + -4.
-1
Evaluate (9 - (3 + 1)) + -4 + 0.
1
What is the value of 5 - (-9 - -16) - -3?
1
Evaluate (-9 - -5) + (2 - -9).
7
Calculate 3 + -2 + 2 - 2.
1
Evaluate -4 + 0 + 3 - -4 - -2.
5
2 - (-6 + 15 + -11)
4
What is the value of -3 + 0 + (-7 - -11) - 3?
-2
4 + -9 + 6 + -6
-5
What is 7 + 0 + -1 + -3?
3
What is the value of -4 - 1 - ((8 - 0) + -10)?
-3
Evaluate (12 + -6 - (9 + 2)) + 12.
7
What is -29 + 19 + (4 - 0)?
-6
What is the value of 0 + -4 + (-3 - -4) - -3?
0
What is the value of -15 + 12 + -1 + 0?
-4
Calculate 42 - 45 - (-3 - 5 - 0).
5
What is -1 + -13 + 10 + -2?
-6
Calculate 6 + -7 + -3 + (-1 - -1).
-4
